= -128 - t. What is the highest common factor of p and 40?
20
Let o(f) = -5*f. Let t be o(-2). Let i(m) = -5*m**3 + 465*m**2 + 5*m - 35. Let s be i(93). What is the highest common divisor of t and s?
10
Suppose 5*k - 198 = -2*v, v - 6*v + 5*k = -460. Let y = -91 + v. What is the greatest common divisor of 1 and y?
1
Suppose 6*b = -26 + 272. Let t = b - 36. Suppose 2*l = -t*n - 2*l + 163, -3*l + 166 = 5*n. Calculate the highest common factor of 14 and n.
7
Suppose -4*g = -2*g + 384. Let l = 3153 - 3144. Let p be -6*(g/l)/8. Calculate the greatest common divisor of 56 and p.
8
Suppose 0 = -46*a + 50*a - 5*t - 5679, -4251 = -3*a + t. Calculate the highest common divisor of a and 826.
118
Let n(x) = x**2 + 10*x - 53. Let w be n(-15). Suppose 48 = w*p - 14*p. What is the greatest common divisor of p and 81?
3
Suppose 23*k - 14687 = 5990. Suppose 8*b - 4*c = 5*b + 675, 0 = -4*b + 5*c + k. What is the highest common factor of b and 17?
17
Suppose -3082 = -1933*r + 1910*r. Calculate the highest common divisor of r and 2144.
134
Let u = 188 + -186. Let n(x) = 24*x - 23. Let l be n(u). Calculate the highest common factor of l and 10.
5
Suppose -4*c = -8*z + 4*z + 912, -2*z - 5*c = -477. What is the highest common factor of z and 147?
21
Let c be (2/4)/((-3)/18). Let i be (-1)/c - 26/(-3). Suppose -25 = -t - i. Calculate the greatest common factor of t and 80.
16
Let l = -26 - -26. Suppose l*a + 56 = 7*a. Suppose -2*i = p - 140, -i + 5*p = 3*p - 80. Calculate the highest common divisor of a and i.
8
Let r be 6/9*(-208 - -817). Calculate the highest common factor of r and 14.
14
Suppose -7*a = -22*a + 225. Let b(p) = -p**2 + 2 + 20*p + 0*p + 0 + 9. Let v be b(16). What is the highest common divisor of a and v?
15
Suppose -3*v - 110457 = -5*j, j - 5*v - 15983 = 6104. What is the highest common divisor of j and 56?
28
Let n = -90 - -101. Suppose -4*b + 2*l + 0*l = -508, 508 = 4*b + 5*l. Let f = b + -39. Calculate the highest common factor of n and f.
11
Suppose -26*g + 3385 - 655 = 0. What is the greatest common factor of g and 840?
105
Let k(f) = 3*f**2 - 55*f + 412. Let p be k(20). What is the greatest common divisor of p and 288?
32
Suppose -36*n + 41*n = -101*n + 1235218. What is the highest common factor of 86 and n?
43
Let k = -59 + 169. Let h(d) = -28 - 6*d + d**2 + d + d - 2*d. Let x be h(12). What is the highest common divisor of k and x?
22
Let l be 113/(-2599) - 10560/(-69). What is the greatest common divisor of l and 72?
9
Suppose -4*q + 8*q + 8 = 0, 2*u - 3*q - 1196 = 0. What is the greatest common divisor of u and 15?
5
Let v = -2613 + 3141. Calculate the highest common divisor of v and 384.
48
Let l(m) = 18 + 5*m + 129 - 2*m - 2*m - 40. Let h be l(-13). What is the greatest common divisor of 235 and h?
47
Suppose 138*c - 40153 = -10897. What is the greatest common divisor of c and 5724?
212
Let f = -9274 - -9310. What is the greatest common factor of 5508 and f?
36
Let m(b) = b**2 - 158*b + 5809. Let i be m(55). Let x = -122 + 482. What is the greatest common divisor of x and i?
72
Suppose -b = 4*a - 2894, 16*a - 4356 = 10*a - 4*b. What is the greatest common divisor of a and 1558?
38
Let w be 302/5 - 2/5. Let d = 77 - w. Let n = 75 + -58. Calculate the greatest common divisor of d and n.
17
Let h = -7699 + 10879. Calculate the greatest common divisor of h and 90.
30
Let a = -7837 + 8632. What is the highest common factor of 45 and a?
15
Let g be -28*21/((-2352)/42752). What is the greatest common factor of 128 and g?
64
Let w(o) = -8*o + 21. Let k be w(-3). Let j = k + 45. Let c be (54/(-15))/((-21)/350). What is the highest common factor of c and j?
30
Let a = 679 - -590. Suppose 4*t = a - 109. Calculate the highest common factor of t and 116.
58
Suppose -4*r - 32 = 40. Let v be 3/(r/(-16))*126/28. Let u be (v/(-5) - 6/(-15)) + 35. What is the highest common divisor of 3 and u?
3
Suppose 5*f = -0*f + 1100. Let q = -11363 + 11443. Calculate the highest common factor of q and f.
20
Let q = -3280 + 12190. Calculate the highest common divisor of q and 110.
110
Let i(b) = 2*b**2 + 8*b + 5. Let j be i(-5). Let c(l) = -3*l + j - 5 - 5 + 22*l**2. Let p be c(-4). What is the greatest common factor of 41 and p?
41
Let s = -28 + 78. Suppose 0 = -3*l + 2*l - 4*d + 47, s = l + 5*d. Suppose 267 - 225 = 6*w. Calculate the greatest common factor of w and l.
7
Let g(y) = 1752*y - 421. Let z be g(5). Calculate the highest common divisor of 31 and z.
31
Suppose 4*c - c + 116 = 2*i, 0 = 3*i - 4*c - 172. Let b = i + -27. Let t be (b - -5)/(15/4 - 3). What is the greatest common divisor of t and 200?
40
Let g be (-1722)/(-6) + -51 + (-24)/(-2). Calculate the greatest common factor of g and 2356.
124
Let b be (-588)/4*(-2 - -1). Suppose 2*z - 2*n = -0*n + 262, 5*n + b = z. Suppose -89 = -9*q + z. Calculate the highest common divisor of 24 and q.
24
Let r(q) = 3*q**2 - 12*q - 117. Let u be r(10). Calculate the highest common divisor of u and 2289.
21
Let l = 2586 + -1066. Suppose l = 40*m - 35*m. Calculate the highest common factor of 32 and m.
16
Suppose 2096 = -21*s + 14*s + 138*s. What is the greatest common factor of s and 696?
8
Let j(u) = -37*u**2 - 448*u + 7. Let v be j(-12). Suppose 100 = -5*q + q. Let k = q + 47. What is the greatest common factor of k and v?
11
Suppose -14*x = 2*x - 2136 - 1512. What is the highest common factor of x and 396?
12
Suppose 9*g - 90 = 4*g. Let c = 22 - 20. Let j be (65/25 - c)*45. What is the greatest common divisor of g and j?
9
Let i(d) = -2*d**3 - 29*d**2 - d + 250. Let m be i(-14). Calculate the highest common divisor of m and 14382.
34
Let h(m) = -419*m - 5278. Let w be h(-15). What is the greatest common factor of 1325 and w?
53
Suppose 9*l + 672 = l. Let z = 84 - l. Let b = 53 + -29. Calculate the highest common divisor of b and z.
24
Let m be (-14)/189 - 48965/(-189). Calculate the greatest common factor of m and 14.
7
Suppose -r + 25 = 4*r. Suppose -5*l + 0*l + r = 0. Let g(v) = -v**3 - 7*v**2 - 8*v + 18. Let n be g(-5). Calculate the greatest common factor of l and n.
1
Suppose 0 = -34*k + 5*k + 1595. What is the highest common factor of k and 649?
11
Let p = 37245 - 10801. Calculate the greatest common factor of 88 and p.
44
Let q = -382 + 1504. Calculate the highest common divisor of q and 11.
11
Let y = 45601 + -13770. What is the greatest common divisor of y and 458?
229
Let l be (-10)/20 - ((-3)/6 + 0). Suppose 3*g - 4082 = -5*f, l = -3*f + 5*g + 904 + 1552. Calculate the greatest common divisor of 19 and f.
19
Let f(i) = -276*i**2 - 6*i + 817*i**2 - 45 - 271*i**2 - 269*i**2. Let j be f(-9). Calculate the greatest common factor of 30 and j.
30
Suppose -58711 + 8507 = -11*f. Suppose -56*j + 1147 = -55*j + 4*p, -4*p = 4*j - f. Calculate the greatest common divisor of 67 and j.
67
Let m(g) = 208*g - 2796. Let a be m(16). What is the greatest common factor of 1260 and a?
28
Let f(w) = 2*w**3 - 2*w**2 + 30. Let s(l) = -l**2 + 25*l - 100. Let a be s(20). Let i be f(a). Calculate the highest common divisor of i and 330.
30
Let d be -7*11/((-77)/96). Let p be ((-48)/(-10))/(168/2240). Calculate the greatest common factor of p and d.
32
Let i = 147 + -164. Let v be i*(-2 + 4)*28/(-8). Suppose 0 = u - v + 85. What is the highest common factor of u and 119?
17
Let p be (21/14)/(24/5248). Let s = p + -300. Calculate the greatest common divisor of 16 and s.
4
Let i(s) = -3*s - 45. Let x be i(-17). What is the greatest common divisor of x and 1866?
6
Suppose -34950*s = -34941*s - 612. Calculate the greatest common divisor of s and 204.
68
Let w(g) be the second derivative of -4*g**3/3 + 195*g**2 + 235*g. Let y be w(10). Calculate the greatest common factor of 30 and y.
10
Suppose 8*l - 1 = -25. Let g be (10/l)/((2/(-111))/2). What is the greatest common factor of 148 and g?
74
Suppose q - 522 = 156. Let b(i) = i**3 + 2*i - 15*i**2 + 4*i + q - 712. Let l be b(15). What is the greatest common factor of l and 14?
14
Suppose 117*u - 1295 - 1981 = 0. Let k(v) = -v**3 + v - 14. Let l be k(-6). Calculate the highest common factor of l and u.
28
Suppose -2*f - 11 = -3. Let b be 153/1 - (-6 - f). Let k be ((-124)/(-24))/((-5)/(-30)). Calculate the highest common divisor of b and k.
31
Suppose d - 89 = 5*y - 568, -2*d = 5*y - 4